ed by 8?
6
What is the remainder when 64 is divided by 23?
18
Calculate the remainder when 1270 is divided by 182.
178
What is the remainder when 101 is divided by 26?
23
Calculate the remainder when 233 is divided by 59.
56
Calculate the remainder when 66429 is divided by 14.
13
Calculate the remainder when 6839 is divided by 120.
119
What is the remainder when 766 is divided by 128?
126
What is the remainder when 5030 is divided by 7?
4
What is the remainder when 739 is divided by 127?
104
What is the remainder when 549 is divided by 46?
43
What is the remainder when 1341 is divided by 37?
9
What is the remainder when 1012 is divided by 297?
121
What is the remainder when 2456 is divided by 273?
272
What is the remainder when 20 is divided by 11?
9
What is the remainder when 163 is divided by 148?
15
Calculate the remainder when 294 is divided by 145.
4
Calculate the remainder when 357 is divided by 40.
37
What is the remainder when 86 is divided by 52?
34
Calculate the remainder when 213 is divided by 128.
85
Calculate the remainder when 3287 is divided by 73.
2
Calculate the remainder when 1078 is divided by 83.
82
Calculate the remainder when 17 is divided by 13.
4
What is the remainder when 591 is divided by 75?
66
Calculate the remainder when 158 is divided by 39.
2
What is the remainder when 357 is divided by 109?
30
Calculate the remainder when 156 is divided by 147.
9
What is the remainder when 1890 is divided by 270?
0
What is the remainder when 284 is divided by 72?
68
Calculate the remainder when 742 is divided by 6.
4
What is the remainder when 123 is divided by 22?
13
Calculate the remainder when 108 is divided by 75.
33
What is the remainder when 230 is divided by 47?
42
What is the remainder when 6965 is divided by 205?
200
Calculate the remainder when 19948 is divided by 95.
93
Calculate the remainder when 549 is divided by 46.
43
Calculate the remainder when 70067 is divided by 385.
382
Calculate the remainder when 7032 is divided by 585.
12
Calculate the remainder when 3707 is divided by 10.
7
Calculate the remainder when 329 is divided by 15.
14
Calculate the remainder when 56 is divided by 41.
15
Calculate the remainder when 54613 is divided by 47.
46
What is the remainder when 62 is divided by 27?
8
What is the remainder when 685 is divided by 187?
124
What is the remainder when 3398 is divided by 34?
32
Calculate the remainder when 893 is divided by 13.
9
Calculate the remainder when 269 is divided by 130.
9
What is the remainder when 522 is divided by 210?
102
Calculate the remainder when 1045 is divided by 15.
10
What is the remainder when 101 is divided by 51?
50
What is the remainder when 311 is divided by 297?
14
What is the remainder when 4482 is divided by 236?
234
What is the remainder when 462 is divided by 5?
2
What is the remainder when 756 is divided by 258?
240
Calculate the remainder when 74 is divided by 27.
20
Calculate the remainder when 133 is divided by 15.
13
Calculate the remainder when 108 is divided by 75.
33
What is the remainder when 248 is divided by 50?
48
Calculate the remainder when 515 is divided by 255.
5
What is the remainder when 747 is divided by 7?
5
What is the remainder when 409 is divided by 404?
5
Calculate the remainder when 1559 is divided by 46.
41
Calculate the remainder when 116 is divided by 45.
26
What is the remainder when 256 is divided by 26?
22
Calculate the remainder when 989 is divided by 44.
21
Calculate the remainder when 227 is divided by 76.
75
What is the remainder when 1329 is divided by 29?
24
What is the remainder when 266 is divided by 16?
10
Calculate the remainder when 452 is divided by 147.
11
What is the remainder when 3649 is divided by 159?
151
What is the remainder when 226 is divided by 10?
6
Calculate the remainder when 1383 is divided by 73.
69
Calculate the remainder when 1669 is divided by 828.
13
Calculate the remainder when 71 is divided by 36.
35
What is the remainder when 8472 is divided by 257?
248
Calculate the remainder when 408 is divided by 401.
7
What is the remainder when 1849 is divided by 143?
133
What is the remainder when 13899 is divided by 100?
99
What is the remainder when 134 is divided by 8?
6
Calculate the remainder when 532 is divided by 26.
12
Calculate the remainder when 58 is divided by 29.
0
Calculate the remainder when 233 is divided by 111.
11
What is the remainder when 132 is divided by 116?
16
Calculate the remainder when 735 is divided by 150.
135
What is the remainder when 231 is divided by 57?
3
Calculate the remainder when 104 is divided by 18.
14
What is the remainder when 439 is divided by 111?
106
Calculate the remainder when 5205 is divided by 31.
28
What is the remainder when 5474 is divided by 73?
72
What is the remainder when 74 is divided by 67?
7
Calculate the remainder when 124 is divided by 30.
4
Calculate the remainder when 193 is divided by 90.
13
What is the remainder when 1006 is divided by 167?
4
Calculate the remainder when 77 is divided by 4.
1
Calculate the remainder when 1169 is divided by 79.
63
What is the remainder when 247 is divided by 64?
55
What is the remainder when 2410 is divided by 15?
10
What is the remainder when 193 is divided by 73?
47
Calculate the remainder when 135 is divided by 31.
11
Calculate the remainder when 18 is divided by 17.
1
What is the remainder when 467 is divided by 52?
51
What is the remainder when 648 is divided by 154?
32
What is the remainder when 803 is divided by 224?
131
What is the remainder when 2749 is divided by 22?
21
Calculate the remainder when 677 is divided by 158.
45
Calculate the remainder when 398 is divided by 25.
23
Calculate the remainder when 239 is divided by 116.
7
Calculate the remainder when 1033 is divided by 22.
21
Calculate the remainder when 94 is divided by 88.
6
Calculate the remainder when 131 is divided by 34.
29
What is the remainder when 52 is divided by 19?
14
What is the remainder when 1527 is divided by 90?
87
Calculate the remainder when 715 is divided by 128.
75
What is the remainder when 13 is divided by 9?
4
Calculate the remainder when 46629 is divided by 232.
229
What is the remainder when 191 is divided by 50?
41
Calculate the remainder when 486 is divided by 58.
22
Calculate the remainder when 1185 is divided by 299.
288
What is the remainder when 433 is divided by 13?
4
What is the remainder when 230 is divided by 24?
14
What is the remainder when 307 is divided by 7?
6
Calculate the remainder when 5 is divided by 3.
2
What is the remainder when 93 is divided by 19?
17
What is the remainder when 1153 is divided by 43?
35
What is the remainder when 204 is divided by 2?
0
Calculate the remainder when 45 is divided by 12.
9
Calculate the remainder when 67 is divided by 25.
17
Calculate the remainder when 923 is divided by 154.
153
Calculate the remainder when 116 is divided by 19.
2
What is the remainder when 43562 is divided by 39?
38
Calculate the remainder when 731 is divided by 70.
31
What is the remainder when 145 is divided by 73?
72
What is the remainder when 528 is divided by 14?
10
What is the remainder when 470 is divided by 95?
90
What is the remainder when 206 is divided by 13?
11
What is the remainder when 32 is divided by 12?
8
What is the remainder when 6046 is divided by 110?
106
What is the remainder when 328 is divided by 85?
73
Calculate the remainder when 1139 is divided by 13.
8
What is the remainder when 180 is divided by 10?
0
What is the remainder when 1779 is divided by 21?
15
Calculate the remainder when 7804 is divided by 2600.
4
Calculate the remainder when 263 is divided by 126.
11
Calculate the remainder when 135 is divided by 22.
3
Calculate the remainder when 263 is divided by 66.
65
What is the remainder when 197 is divided by 40?
37
Calculate the remainder when 981 is divided by 44.
13
Calculate the remainder when 55 is divided by 14.
13
Calculate the remainder when 596 is divided by 12.
8
Calculate the remainder when 470 is divided by 126.
92
What is the remainder when 398 is divided by 19?
18
What is the remainder when 1056 is divided by 343?
27
What is the remainder when 235 is divided by 40?
35
What is the remainder when 904 is divided by 56?
8
What is the remainder when 67 i